{"id":168,"date":"2021-04-07T08:46:45","date_gmt":"2021-04-07T08:46:45","guid":{"rendered":"https:\/\/users.ijclab.in2p3.fr\/luc-petizon\/?page_id=168"},"modified":"2021-04-07T15:03:20","modified_gmt":"2021-04-07T15:03:20","slug":"la-page-daccueil-de-mon-site","status":"publish","type":"page","link":"https:\/\/users.ijclab.in2p3.fr\/luc-petizon\/","title":{"rendered":"La page d\u2019accueil de mon site!"},"content":{"rendered":"\n<p>A vous de raconter votre histoire, vos activit\u00e9s et travaux de recherche, votre parcours.<\/p>\n<p><strong>A propos de cette page<\/strong><\/p>\n<p>Vous pouvez commencer ici \u00e0 \u00e9crire.<\/p>\n<p>Cette page se nomme : La page d&rsquo;accueil de mon site!<\/p>\n<p>Pages &gt; Toutes les pages &gt; s\u00e9lectionner &gt; modifier la page<\/p>\n<p>ou<\/p>\n<p>Barre du haut &gt; modifier la page<\/p>\n<p><span style=\"color: #ff0000;\">N&rsquo;oubliez pas de d\u00e9cider si vous faites un site en 1 langue ou 2 au d\u00e9part!<\/span><\/p>\n<p>L&rsquo;affichage cette page :<\/p>\n<p>Elle est composer sous le bandeau :<\/p>\n<ul>\n<li>D&rsquo;un Diaporama qui reprend vos articles (param\u00e9trable)<\/li>\n<li>Du corps de la page comme pages d&rsquo;accueil<\/li>\n<li>Des derniers articles r\u00e9dig\u00e9s<\/li>\n<\/ul>\n<p><strong>Pour supprimer le Diaporama en haut de page :<\/strong><\/p>\n<p>Apparence &gt; Personnaliser &gt; Mod\u00e8le de site personnel IJCLab &gt; Graph\u00e8ne g\u00e9n\u00e9ral &gt; Diaporama &gt; d\u00e9sactiver le diaporama <br \/>Essayez les diff\u00e9rents param\u00e8tres<\/p>\n<p><strong>Pour supprimer l&rsquo;affichage des Articles ci-dessous :<\/strong><\/p>\n<p>Apparence &gt; Personnaliser &gt; Mod\u00e8le de site personnel IJCLab &gt; Graph\u00e8ne g\u00e9n\u00e9ral &gt; Home Page Panes &gt; D\u00e9sactiver les panneaux de la page d&rsquo;accueil <\/p>\n","protected":false},"excerpt":{"rendered":"<p>A vous de raconter votre histoire, vos activit\u00e9s et travaux de recherche, votre parcours. A propos de cette page Vous pouvez commencer ici \u00e0 \u00e9crire. Cette page se nomme : La page d&rsquo;accueil de mon site! Pages &gt; Toutes les pages &gt; s\u00e9lectionner &gt; modifier la page ou Barre du haut &gt; modifier la page &hellip; <\/p>\n<p><a class=\"more-link btn\" href=\"https:\/\/users.ijclab.in2p3.fr\/luc-petizon\/\">Lire la suite<\/a><\/p>\n","protected":false},"author":22,"featured_media":0,"parent":0,"menu_order":0,"comment_status":"closed","ping_status":"closed","template":"","meta":{"_acf_changed":false,"footnotes":""},"class_list":["post-168","page","type-page","status-publish","hentry","nodate","item-wrap"],"acf":[],"_links":{"self":[{"href":"https:\/\/users.ijclab.in2p3.fr\/luc-petizon\/wp-json\/wp\/v2\/pages\/168","targetHints":{"allow":["GET"]}}],"collection":[{"href":"https:\/\/users.ijclab.in2p3.fr\/luc-petizon\/wp-json\/wp\/v2\/pages"}],"about":[{"href":"https:\/\/users.ijclab.in2p3.fr\/luc-petizon\/wp-json\/wp\/v2\/types\/page"}],"author":[{"embeddable":true,"href":"https:\/\/users.ijclab.in2p3.fr\/luc-petizon\/wp-json\/wp\/v2\/users\/22"}],"replies":[{"embeddable":true,"href":"https:\/\/users.ijclab.in2p3.fr\/luc-petizon\/wp-json\/wp\/v2\/comments?post=168"}],"version-history":[{"count":3,"href":"https:\/\/users.ijclab.in2p3.fr\/luc-petizon\/wp-json\/wp\/v2\/pages\/168\/revisions"}],"predecessor-version":[{"id":184,"href":"https:\/\/users.ijclab.in2p3.fr\/luc-petizon\/wp-json\/wp\/v2\/pages\/168\/revisions\/184"}],"wp:attachment":[{"href":"https:\/\/users.ijclab.in2p3.fr\/luc-petizon\/wp-json\/wp\/v2\/media?parent=168"}],"curies":[{"name":"wp","href":"https:\/\/api.w.org\/{rel}","templated":true}]}}