{"id":2,"date":"2019-02-13T09:58:27","date_gmt":"2019-02-13T08:58:27","guid":{"rendered":"https:\/\/users.ijclab.in2p3.fr\/jeremyneveu\/?page_id=2"},"modified":"2019-02-15T06:24:23","modified_gmt":"2019-02-15T05:24:23","slug":"page-d-exemple","status":"publish","type":"page","link":"https:\/\/users.ijclab.in2p3.fr\/jeremyneveu\/","title":{"rendered":"R\u00e9sum\u00e9 &#8211; Summary"},"content":{"rendered":"<p>Je suis ma\u00eetre de conf\u00e9rences au Laboratoire de l&rsquo;Acc\u00e9l\u00e9rateur Lin\u00e9aire (LAL) de l&rsquo;Universit\u00e9 Paris-Sud depuis 2015. Impliqu\u00e9 dans la construction du futur t\u00e9lescope <a href=\"http:\/\/lsst.in2p3.fr\/\">LSST<\/a>, je travaille sur des sujets allant de la calibration photom\u00e9trique de l&rsquo;instrument aux th\u00e9ories d&rsquo;\u00e9nergie noire.<\/p>\n<blockquote><p>I am associate\u00a0 professor at Laboratoire de l&rsquo;Acc\u00e9l\u00e9rateur Lin\u00e9aire (LAL) of Universit\u00e9 Paris-Sud since 2015. I am currently involved in the <a href=\"https:\/\/www.lsst.org\/\">LSST<\/a> team and working on subjects going from the\u00a0 photometric calibration of the future instrument to dark energy theories.<\/p><\/blockquote>\n<h1><a href=\"https:\/\/users.ijclab.in2p3.fr\/jeremyneveu\/recherche\/\">Recherche<\/a><\/h1>\n<p>Liste des publications th\u00e8ses<\/p>\n<h1>Enseignements<\/h1>\n<p>Agr\u00e9g\u00e9 de physique en 2010, je suis particuli\u00e8rement impliqu\u00e9 dans la pr\u00e9paration \u00e0 l&rsquo;agr\u00e9gation de physique au centre interuniversitaire de Montrouge depuis 2014, dans laquelle je donne notamment les cours d&rsquo;\u00e9lectronique et sur les machines \u00e9lectriques en g\u00e9n\u00e9ral.<\/p>\n<p>A l&rsquo;Universit\u00e9 Paris-Sud je coordonne de nouveaux enseignements de m\u00e9thodes num\u00e9riques en python pour les doubles licences.\u00a0 J&rsquo;ai notamment mis en place l&rsquo;infrastructure software pour permettre aux enseignants et \u00e9l\u00e8ves d&rsquo;\u00e9changer les documents de cours et de corriger les \u00e9valuations. J&rsquo;ai aussi longtemps \u00e9t\u00e9 impliqu\u00e9 dans l&rsquo;enseignement de l&rsquo;optique g\u00e9om\u00e9trique en L1.<\/p>\n<h1>Diffusion des connaissances<\/h1>\n","protected":false},"excerpt":{"rendered":"<p>Je suis ma\u00eetre de conf\u00e9rences au Laboratoire de l&rsquo;Acc\u00e9l\u00e9rateur Lin\u00e9aire (LAL) de l&rsquo;Universit\u00e9 Paris-Sud depuis 2015. Impliqu\u00e9 dans la construction du futur t\u00e9lescope LSST, je travaille sur des sujets allant de la calibration photom\u00e9trique de l&rsquo;instrument aux th\u00e9ories d&rsquo;\u00e9nergie noire. I am associate\u00a0 professor at Laboratoire de l&rsquo;Acc\u00e9l\u00e9rateur Lin\u00e9aire (LAL) of Universit\u00e9 Paris-Sud since 2015.&hellip;<\/p>\n","protected":false},"author":17,"featured_media":0,"parent":0,"menu_order":0,"comment_status":"closed","ping_status":"open","template":"","meta":{"_acf_changed":false,"footnotes":""},"class_list":["post-2","page","type-page","status-publish","hentry"],"acf":[],"_links":{"self":[{"href":"https:\/\/users.ijclab.in2p3.fr\/jeremyneveu\/wp-json\/wp\/v2\/pages\/2","targetHints":{"allow":["GET"]}}],"collection":[{"href":"https:\/\/users.ijclab.in2p3.fr\/jeremyneveu\/wp-json\/wp\/v2\/pages"}],"about":[{"href":"https:\/\/users.ijclab.in2p3.fr\/jeremyneveu\/wp-json\/wp\/v2\/types\/page"}],"author":[{"embeddable":true,"href":"https:\/\/users.ijclab.in2p3.fr\/jeremyneveu\/wp-json\/wp\/v2\/users\/17"}],"replies":[{"embeddable":true,"href":"https:\/\/users.ijclab.in2p3.fr\/jeremyneveu\/wp-json\/wp\/v2\/comments?post=2"}],"version-history":[{"count":3,"href":"https:\/\/users.ijclab.in2p3.fr\/jeremyneveu\/wp-json\/wp\/v2\/pages\/2\/revisions"}],"predecessor-version":[{"id":24,"href":"https:\/\/users.ijclab.in2p3.fr\/jeremyneveu\/wp-json\/wp\/v2\/pages\/2\/revisions\/24"}],"wp:attachment":[{"href":"https:\/\/users.ijclab.in2p3.fr\/jeremyneveu\/wp-json\/wp\/v2\/media?parent=2"}],"curies":[{"name":"wp","href":"https:\/\/api.w.org\/{rel}","templated":true}]}}