{"id":168,"date":"2021-04-07T08:46:45","date_gmt":"2021-04-07T08:46:45","guid":{"rendered":"https:\/\/users.ijclab.in2p3.fr\/david-rousseau\/?page_id=168"},"modified":"2021-08-12T21:11:53","modified_gmt":"2021-08-12T21:11:53","slug":"la-page-daccueil-de-mon-site","status":"publish","type":"page","link":"https:\/\/users.ijclab.in2p3.fr\/david-rousseau\/fr\/la-page-daccueil-de-mon-site\/","title":{"rendered":"David Rousseau (en fran\u00e7ais)"},"content":{"rendered":"\n<p><a href=\"https:\/\/users.ijclab.in2p3.fr\/david-rousseau\/en\/home\/\">Click here to see the full english site<\/a><\/p>\n<p>C&#8217;est la seule page de ce site en fran\u00e7ais, <a href=\"https:\/\/users.ijclab.in2p3.fr\/david-rousseau\/en\/home\/\">cliquer ici pour le site principal en anglais<\/a>.<\/p>\n<p>Je suis physicien des particules au laboratoire \u00a0IJCLab une unit\u00e9 mixte CNRS\/IN2P3 et Universit\u00e9 Paris-Saclay, travaillant dans l&#8217;exp\u00e9rience ATLAS au CERN sur le Grand Collisionneur de Hadron (LHC).<\/p>\n<p>Apr\u00e8s avoir travaill\u00e9 une douzaine d&#8217;ann\u00e9es au d\u00e9veloppement des logiciels de l&#8217;exp\u00e9rience ATLAS, j&#8217;ai rencontr\u00e9 en 2013 presque par hasard un chercheur en Apprentissage Automatique (maintenant on dirait Intelligence Artificielle), ce qui a d\u00e9cid\u00e9 un tournant dans ma carri\u00e8re: j&#8217;allais me consacrer \u00e0 l&#8217;interface entre la physique des particules (et les sciences en g\u00e9n\u00e9ral) avec l&#8217;Intelligence Artificielle.<\/p>\n<p>Je conseille au lecteur fran\u00e7ais non scientifique plus particuli\u00e8rement :<\/p>\n<ul>\n<li><a href=\"https:\/\/users.ijclab.in2p3.fr\/david-rousseau\/en\/page-modele-bio\/\">ma courte bio et mes contacts<\/a>\u00a0(ne pas h\u00e9siter \u00e0 m&#8217;envoyer un mail)<\/li>\n<li>l&#8217;onglet\u00a0<a href=\"https:\/\/users.ijclab.in2p3.fr\/david-rousseau\/en\/outreach\/\">Vulgarisation<\/a> (que je fais surtout en fran\u00e7ais).\u00a0<\/li>\n<li><span style=\"font-size: inherit\">je propose reguli\u00e8rement des stages, plus rarement une th\u00e8se, voir l&#8217;onglet <\/span><a style=\"font-size: inherit\" href=\"https:\/\/users.ijclab.in2p3.fr\/david-rousseau\/en\/students\/\">Etudiants<\/a><\/li>\n<\/ul>\n","protected":false},"excerpt":{"rendered":"<p>Click here to see the full english site C&#8217;est la seule page de ce site en fran\u00e7ais, cliquer ici pour le site principal en anglais. Je suis physicien des particules au laboratoire \u00a0IJCLab une unit\u00e9 mixte CNRS\/IN2P3 et Universit\u00e9 Paris-Saclay, travaillant dans l&#8217;exp\u00e9rience ATLAS au CERN sur le Grand Collisionneur de Hadron (LHC). Apr\u00e8s avoir &hellip; <\/p>\n<p><a class=\"more-link btn\" href=\"https:\/\/users.ijclab.in2p3.fr\/david-rousseau\/fr\/la-page-daccueil-de-mon-site\/\">Continue reading<\/a><\/p>\n","protected":false},"author":22,"featured_media":0,"parent":0,"menu_order":0,"comment_status":"closed","ping_status":"closed","template":"","meta":{"_acf_changed":false,"footnotes":""},"class_list":["post-168","page","type-page","status-publish","hentry","nodate","item-wrap"],"acf":[],"_links":{"self":[{"href":"https:\/\/users.ijclab.in2p3.fr\/david-rousseau\/wp-json\/wp\/v2\/pages\/168","targetHints":{"allow":["GET"]}}],"collection":[{"href":"https:\/\/users.ijclab.in2p3.fr\/david-rousseau\/wp-json\/wp\/v2\/pages"}],"about":[{"href":"https:\/\/users.ijclab.in2p3.fr\/david-rousseau\/wp-json\/wp\/v2\/types\/page"}],"author":[{"embeddable":true,"href":"https:\/\/users.ijclab.in2p3.fr\/david-rousseau\/wp-json\/wp\/v2\/users\/22"}],"replies":[{"embeddable":true,"href":"https:\/\/users.ijclab.in2p3.fr\/david-rousseau\/wp-json\/wp\/v2\/comments?post=168"}],"version-history":[{"count":9,"href":"https:\/\/users.ijclab.in2p3.fr\/david-rousseau\/wp-json\/wp\/v2\/pages\/168\/revisions"}],"predecessor-version":[{"id":418,"href":"https:\/\/users.ijclab.in2p3.fr\/david-rousseau\/wp-json\/wp\/v2\/pages\/168\/revisions\/418"}],"wp:attachment":[{"href":"https:\/\/users.ijclab.in2p3.fr\/david-rousseau\/wp-json\/wp\/v2\/media?parent=168"}],"curies":[{"name":"wp","href":"https:\/\/api.w.org\/{rel}","templated":true}]}}