{"id":645,"date":"2025-01-15T20:11:58","date_gmt":"2025-01-15T19:11:58","guid":{"rendered":"https:\/\/users.ijclab.in2p3.fr\/claire-marrache\/?page_id=645"},"modified":"2026-03-24T19:45:17","modified_gmt":"2026-03-24T18:45:17","slug":"l2-institut-villebon-georges-charpak-thermodynamique","status":"publish","type":"page","link":"https:\/\/users.ijclab.in2p3.fr\/claire-marrache\/fr\/page2-2\/l2-institut-villebon-georges-charpak-thermodynamique\/","title":{"rendered":"L2 &#8211; Institut Villebon Georges Charpak &#8211; Thermodynamique"},"content":{"rendered":"\n<h2>Cours en autonomie :<\/h2>\n<ul>\n<li><a href=\"https:\/\/users.ijclab.in2p3.fr\/claire-marrache\/files\/2026\/03\/2025-2026_Cours_thermo_L2_IVGC.pdf\">Version de 2025-2026<\/a><\/li>\n<li><a href=\"https:\/\/users.ijclab.in2p3.fr\/claire-marrache\/files\/2025\/03\/Cours_thermo_L2_IVGC_Ch1_7.pdf\">Version de 2024-2025<\/a><\/li>\n<li><a href=\"https:\/\/users.ijclab.in2p3.fr\/claire-marrache\/files\/2025\/01\/Cours_thermo_L2_IVGC-1_Ch1_4_fin.pdf\">Version de 2023-2024<\/a><\/li>\n<\/ul>\n<h2>TDs :<\/h2>\n<ul>\n<li><a href=\"https:\/\/users.ijclab.in2p3.fr\/claire-marrache\/files\/2026\/03\/IVGC_L2_Feuille_TD1.pdf\">TD1<\/a><\/li>\n<li><a href=\"https:\/\/users.ijclab.in2p3.fr\/claire-marrache\/files\/2025\/02\/IVGC_L2_Thermo_TD2.pdf\">TD2<\/a><\/li>\n<li><a href=\"https:\/\/users.ijclab.in2p3.fr\/claire-marrache\/files\/2025\/02\/IVGC_L2_Thermo_TD3.pdf\">TD3<\/a><\/li>\n<li><a href=\"https:\/\/users.ijclab.in2p3.fr\/claire-marrache\/files\/2025\/03\/IVGC_L2_Thermo_TD4.pdf\">TD4<\/a><\/li>\n<li>Autres exercices : <br \/>\n<ul>\n<li>Lyc\u00e9e Lavoisier : <a href=\"https:\/\/cahier-de-prepa.fr\/pc-lavoisier\/download?id=1285\">Diffusion thermique<\/a><\/li>\n<li>Lyc\u00e9e Henri IV : <a href=\"https:\/\/cahier-de-prepa.fr\/mp*-henriiv\/download?id=18\">Transferts thermiques par diffusion<\/a><\/li>\n<li>Universit\u00e9 du Mans : <a href=\"https:\/\/perso.univ-lemans.fr\/~bcasta\/Cours%20L3%20Echanges%20thermiques\/Thermique%20de%20l%27inge%C3%8C%C2%81nieur,%20Exercices%20partie%201.pdf\">Transferts thermiques et \u00e9quation de la chaleur<\/a><\/li>\n<li>Universit\u00e9 du Mans : <a href=\"https:\/\/perso.univ-lemans.fr\/~bcasta\/Exercices%20Thermique,%20partie%202.pdf\">Transferts thermiques (autres exercices)<\/a><\/li>\n<li>Universit\u00e9 du Maine : <a href=\"https:\/\/perso.univ-lemans.fr\/~bcasta\/Recueils%20exercices\/Transferts%20thermiques%20L3.pdf\">Transferts thermiques<\/a><\/li>\n<li>INP Toulouse :<a href=\"https:\/\/pedagotech.inp-toulouse.fr\/131130\/res\/MathComplexeExS3rv1.pdf\"> Equation de la chaleur<\/a><\/li>\n<\/ul>\n<\/li>\n<\/ul>\n<hr \/>\n<h2>Projets<\/h2>\n<ul>\n<li><a href=\"https:\/\/users.ijclab.in2p3.fr\/claire-marrache\/files\/2025\/01\/L2_Thermo_PropositionProjet.pdf\">Exemples de projet<\/a> (non exhaustif)<\/li>\n<li>Dates importantes :\n<ul>\n<li>Pour le 11\/03\/2026 : Avoir constitu\u00e9 des groupes (max 4 \u00e9tudiants)<\/li>\n<li>Pour le 02\/04\/2026 : Avoir rendu par mail 1 page donnant votre \u00e9tat d&rsquo;avancement (contexte scientifique, exp\u00e9riences pr\u00e9vues ou mod\u00e9lisation)<\/li>\n<li>21\/04 : remise du projet (oral de 10 min + 10 min de question). Le choix du support (diapos, poster,&#8230;) est libre<\/li>\n<\/ul>\n<\/li>\n<\/ul>\n<hr \/>\n<h2>Annales<\/h2>\n<ul>\n<li>2023-2024\n<ul>\n<li>Interro du 26\/02 : <a href=\"https:\/\/users.ijclab.in2p3.fr\/claire-marrache\/files\/2025\/01\/2024_02_26_Interro_thermo_IVGC.pdf\">\u00e9nonc\u00e9<\/a> et <a href=\"https:\/\/users.ijclab.in2p3.fr\/claire-marrache\/files\/2025\/01\/2024_02_26_Interro_thermo_IVGC-corr.pdf\">correction<\/a><\/li>\n<li>Interro du 19\/03 : <a href=\"https:\/\/users.ijclab.in2p3.fr\/claire-marrache\/files\/2025\/01\/2024_03_19_Interro_thermo_IVGC.pdf\">\u00e9nonc\u00e9<\/a> et <a href=\"https:\/\/users.ijclab.in2p3.fr\/claire-marrache\/files\/2025\/01\/2024_03_19_Interro_thermo_IVGC_cor.pdf\">correction<\/a><\/li>\n<li>Examen du 03\/04<a href=\"https:\/\/users.ijclab.in2p3.fr\/claire-marrache\/files\/2024\/08\/2023-2024_2023_12_05.pdf\" target=\"_blank\" rel=\"noopener\"> :<\/a> <a href=\"https:\/\/users.ijclab.in2p3.fr\/claire-marrache\/files\/2025\/01\/2024_04_03_Eval.pdf\">\u00e9nonc\u00e9<\/a> et <a href=\"https:\/\/users.ijclab.in2p3.fr\/claire-marrache\/files\/2025\/01\/2024_04_03_Eval_corr.pdf\">correction<\/a><\/li>\n<li>Seconde chance juin : <a href=\"https:\/\/users.ijclab.in2p3.fr\/claire-marrache\/files\/2025\/03\/2024_06_24_Seconde_Chance.pdf\">\u00e9nonc\u00e9<\/a> et <a href=\"https:\/\/users.ijclab.in2p3.fr\/claire-marrache\/files\/2025\/03\/2024_06_24_Seconde_Chance_corr.pdf\">correction<\/a><\/li>\n<\/ul>\n<\/li>\n<li>2024-2025\n<ul>\n<li>Interro du 10\/03 : <a href=\"https:\/\/users.ijclab.in2p3.fr\/claire-marrache\/files\/2025\/03\/2025_03_17_Interro_IVGC.pdf\">\u00e9nonc\u00e9<\/a> et <a href=\"https:\/\/users.ijclab.in2p3.fr\/claire-marrache\/files\/2025\/03\/2025_03_17_Interro_IVGC_corr.pdf\">correction<\/a><\/li>\n<li>Examen du 01\/04 : <a href=\"https:\/\/users.ijclab.in2p3.fr\/claire-marrache\/files\/2025\/04\/2024_02_26_Interro_thermo_IVGC.pdf\">\u00e9nonc\u00e9<\/a> et <a href=\"https:\/\/users.ijclab.in2p3.fr\/claire-marrache\/files\/2025\/04\/2024_02_26_Interro_thermo_IVGC_corr.pdf\">correction<\/a><\/li>\n<\/ul>\n<\/li>\n<li>2025-2026\n<ul>\n<li>Interro du 23\/03 : <a href=\"https:\/\/users.ijclab.in2p3.fr\/claire-marrache\/files\/2026\/03\/2026_03_23_Interro_thermo_IVGC.pdf\">\u00e9nonc\u00e9<\/a> et <a href=\"https:\/\/users.ijclab.in2p3.fr\/claire-marrache\/files\/2026\/03\/2026_03_23_Interro_thermo_IVGC_corr.pdf\">correction<\/a><\/li>\n<li>\u00a0<\/li>\n<\/ul>\n<\/li>\n<\/ul>\n<p>\u00a0<\/p>\n\n\n","protected":false},"excerpt":{"rendered":"<p>Cours en autonomie : Version de 2025-2026 Version de 2024-2025 Version de 2023-2024 TDs : TD1 TD2 TD3 TD4 Autres exercices : Lyc\u00e9e Lavoisier : Diffusion thermique Lyc\u00e9e Henri IV : Transferts thermiques par diffusion Universit\u00e9 du Mans : Transferts &hellip; <a href=\"https:\/\/users.ijclab.in2p3.fr\/claire-marrache\/fr\/page2-2\/l2-institut-villebon-georges-charpak-thermodynamique\/\">Continuer la lecture <span class=\"meta-nav\">&rarr;<\/span><\/a><\/p>\n","protected":false},"author":30,"featured_media":0,"parent":202,"menu_order":0,"comment_status":"closed","ping_status":"closed","template":"","meta":{"_acf_changed":false,"footnotes":""},"class_list":["post-645","page","type-page","status-publish","hentry"],"acf":[],"_links":{"self":[{"href":"https:\/\/users.ijclab.in2p3.fr\/claire-marrache\/wp-json\/wp\/v2\/pages\/645","targetHints":{"allow":["GET"]}}],"collection":[{"href":"https:\/\/users.ijclab.in2p3.fr\/claire-marrache\/wp-json\/wp\/v2\/pages"}],"about":[{"href":"https:\/\/users.ijclab.in2p3.fr\/claire-marrache\/wp-json\/wp\/v2\/types\/page"}],"author":[{"embeddable":true,"href":"https:\/\/users.ijclab.in2p3.fr\/claire-marrache\/wp-json\/wp\/v2\/users\/30"}],"replies":[{"embeddable":true,"href":"https:\/\/users.ijclab.in2p3.fr\/claire-marrache\/wp-json\/wp\/v2\/comments?post=645"}],"version-history":[{"count":29,"href":"https:\/\/users.ijclab.in2p3.fr\/claire-marrache\/wp-json\/wp\/v2\/pages\/645\/revisions"}],"predecessor-version":[{"id":768,"href":"https:\/\/users.ijclab.in2p3.fr\/claire-marrache\/wp-json\/wp\/v2\/pages\/645\/revisions\/768"}],"up":[{"embeddable":true,"href":"https:\/\/users.ijclab.in2p3.fr\/claire-marrache\/wp-json\/wp\/v2\/pages\/202"}],"wp:attachment":[{"href":"https:\/\/users.ijclab.in2p3.fr\/claire-marrache\/wp-json\/wp\/v2\/media?parent=645"}],"curies":[{"name":"wp","href":"https:\/\/api.w.org\/{rel}","templated":true}]}}