{"id":310,"date":"2022-01-21T14:54:43","date_gmt":"2022-01-21T14:54:43","guid":{"rendered":"https:\/\/users.ijclab.in2p3.fr\/achille-stocchi\/?page_id=310"},"modified":"2022-03-01T13:25:34","modified_gmt":"2022-03-01T13:25:34","slug":"publications","status":"publish","type":"page","link":"https:\/\/users.ijclab.in2p3.fr\/achille-stocchi\/publications\/","title":{"rendered":"Publications"},"content":{"rendered":"\n<h4>Je suis auteur d\u2019environ 1000 publications scientifiques (collaborations DELPHI, BaBar, SuperB, UA9,PERLE) et \u00e9galement de papiers de recherche ou de revue sur les d\u00e9tecteurs et la ph\u00e9nom\u00e9nologie (publications matrice CKM, Collaboration UTfit,&#8230;)<\/h4>\n<h4>Toutes les publications\u00a0 <a href=\"https:\/\/inspirehep.net\/search?ln=fr&amp;ln=fr&amp;p=find+a+stocchi&amp;of=hcs&amp;action_search=Recherche&amp;sf=&amp;so=d&amp;rm=&amp;rg=25&amp;sc=0\" target=\"_blank\" rel=\"noopener\">(Publications Achille Stocchi).<\/a><\/h4>\n<h4>Publication dans les collaborations (<a href=\"http:\/\/inspirehep.net\/search?ln=fr&amp;ln=fr&amp;p=find+cn+delphi+and+type+p&amp;of=hb&amp;action_search=Recherche&amp;sf=&amp;so=d&amp;rm=&amp;rg=25&amp;sc=0\" target=\"_blank\" rel=\"noopener\">DELPHI<\/a>, <a href=\"http:\/\/inspirehep.net\/search?ln=fr&amp;ln=fr&amp;p=find+a+stocchi+and+cn+babar+and+type+p&amp;of=hb&amp;action_search=Recherche&amp;sf=&amp;so=d&amp;rm=&amp;rg=25&amp;sc=0\" target=\"_blank\" rel=\"noopener\">BaBar<\/a>, <a href=\"http:\/\/inspirehep.net\/search?ln=fr&amp;ln=fr&amp;p=find+a+stocchi+and+cn+superb&amp;of=hb&amp;action_search=Recherche&amp;sf=&amp;so=d&amp;rm=citation&amp;rg=25&amp;sc=0\" target=\"_blank\" rel=\"noopener\">SuperB)<\/a><\/h4>\n<h4>Publications <a href=\"http:\/\/inspirehep.net\/search?ln=fr&amp;ln=fr&amp;p=a+stocchi+and+not+cn+delphi+and+not+cn+babar+and+not+utfit+and+not+cn+belle+and+a+arnaud+and+not+t+SuperB+Progress+Reports+--+Physics+and+not+t+DAFNE&amp;of=hb&amp;action_search=Recherche&amp;sf=&amp;so=d&amp;rm=citation&amp;rg=25&amp;sc=0\" target=\"_blank\" rel=\"noopener\">d\u00e9tecteur r\u00e9cents \/ Cherenkov<\/a><\/h4>\n<h4>Publications sur <a href=\"http:\/\/inspirehep.net\/search?ln=fr&amp;ln=fr&amp;p=a+stocchi+and+not+cn+delphi+and+not+cn+babar+and+not+utfit+and+not+cn+belle+and+a+arnaud+and+not+t+SuperB+Progress+Reports+--+Physics+and+t+DAFNE&amp;of=hb&amp;action_search=Recherche&amp;sf=&amp;so=d&amp;rm=citation&amp;rg=25&amp;sc=0\" target=\"_blank\" rel=\"noopener\">exp\u00e9rience crab-waist DAFNE<\/a><\/h4>\n<h4>Publications <a href=\"http:\/\/inspirehep.net\/search?ln=fr&amp;ln=fr&amp;p=find+cn+utfit+and+type+p+or+j+JHEP+0301+029+or+j+JHEP+0107++013+or+j+Phys.Lett.+B425+119-125+or+j+Phys.Scripta+58+556-569+or+t+V%28CKM%29+and+not+t+Discrepancy+in+the+unitarity+or+t+Determination+of+the+CKM+unitarity+triangle+parameters++or+j+Phys.Lett.+B425++and+and+topcite+10-%3E500&amp;of=hb&amp;action_search=Recherche&amp;sf=&amp;so=d&amp;rm=citation&amp;rg=25&amp;sc=0\" target=\"_blank\" rel=\"noopener\">matrice CKM, Collaboration UTfit<\/a><\/h4>\n<h4>Publications <a href=\"http:\/\/inspirehep.net\/search?ln=fr&amp;ln=fr&amp;p=a+stocchi+and+a+scandale&amp;of=hb&amp;action_search=Recherche&amp;sf=&amp;so=d&amp;rm=citation&amp;rg=25&amp;sc=0\" target=\"_blank\" rel=\"noopener\">UA9<\/a><\/h4>\n<h4>Activit\u00e9s <a href=\"http:\/\/inspirehep.net\/search?ln=fr&amp;ln=fr&amp;p=a+stocchi+and+a+dupraz+and+not+t+Perle&amp;of=hb&amp;action_search=Recherche&amp;sf=&amp;so=d&amp;rm=citation&amp;rg=25&amp;sc=0\" target=\"_blank\" rel=\"noopener\">ELI-NP<\/a>, <a href=\"http:\/\/inspirehep.net\/search?ln=fr&amp;ln=fr&amp;p=a+stocchi+and+t+ThomX&amp;of=hb&amp;action_search=Recherche&amp;sf=&amp;so=d&amp;rm=citation&amp;rg=25&amp;sc=0\" target=\"_blank\" rel=\"noopener\">TDR ThomX<\/a><\/h4>\n<h4>Activit\u00e9s <a href=\"https:\/\/inspirehep.net\/literature?sort=mostrecent&amp;size=25&amp;page=1&amp;q=find%20a%20stocchi%20and%20a%20A.S.%20Fomin%20and%20a%20A.%20Yu.%20Korchin\">Moment Magn\u00e9tique du charm<\/a> and <a href=\"https:\/\/cds.cern.ch\/record\/2194564\">LOI<\/a><\/h4>\n<h4>Activit\u00e9s <a href=\"https:\/\/inspirehep.net\/literature?sort=mostrecent&amp;size=25&amp;page=1&amp;q=find%20a%20stocchi%20and%20date%20%3E%202010%20and%20a%20M.%20Klein%20or%20a%20Bernhard%20or%20a%20Dainese\">PERLE,<\/a> and<a href=\"http:\/\/cds.cern.ch\/record\/2652336\"> LOI<\/a><\/h4>\n<h4><a href=\"http:\/\/inspirehep.net\/record\/355547\/files\/?ln=fr\" target=\"_blank\" rel=\"noopener\">La th\u00e8se de PHD<\/a><\/h4>\n<p>\u00a0<\/p>\n<h4>Mes publications pr\u00e9f\u00e9r\u00e9es&#8230;\u00e0 jour jusqu&rsquo;\u00e0 2013&#8230;<\/h4>\n<ul>\n<li><a href=\"https:\/\/inspirehep.net\/search?ln=fr&amp;ln=fr&amp;p=find+a+stocchi+and+j+Phys.Lett.++B289&amp;of=hb&amp;action_search=Recherche&amp;sf=&amp;so=d&amp;rm=&amp;rg=25&amp;sc=0\">Evidence for B0s meson production in Z0 decays<\/a>\u00a0 DELPHI Collaboration (P. Abreu et al.). Jun 1992. 15 pp.; <strong>Phys.Lett. B289 (1992) 199-210<\/strong><\/li>\n<li><a href=\"https:\/\/inspirehep.net\/search?ln=fr&amp;ln=fr&amp;p=find+a+stocchi+and+j+Phys.Lett.+B338&amp;of=hb&amp;action_search=Recherche&amp;sf=&amp;so=d&amp;rm=&amp;rg=25&amp;sc=0\">Measurement of time dependent B(d)0 &#8211; anti-B(d)0 mixing<\/a>\u00a0\u00a0 DELPHI Collaboration (P. Abreu et al.). Aug 1994. 14 pp ; <strong>Phys.Lett. B338 (1994) 409-420<\/strong><\/li>\n<li><a href=\"https:\/\/inspirehep.net\/search?ln=fr&amp;ln=fr&amp;p=find+a+stocchi+and+j+Zeit.Phys.+C71+and+t+mean&amp;of=hb&amp;action_search=Recherche&amp;sf=&amp;so=d&amp;rm=&amp;rg=25&amp;sc=0\">Mean lifetime of the B(s)0 meson<\/a> DELPHI Collaboration (P. Abreu et al.). Mar 1996. 45 pp ; <strong>Z.Phys. C71 (1996) 11-30<\/strong><\/li>\n<li><a href=\"https:\/\/inspirehep.net\/search?ln=en&amp;ln=en&amp;p=a+stocchi+and+j+Physica+Scripta+Vol.+58%2C+556-569&amp;of=hb&amp;action_search=Search&amp;sf=earliestdate&amp;so=d&amp;rm=&amp;rg=25&amp;sc=0\" target=\"_blank\" rel=\"noopener\">Measurements of the <em>\u03c1<\/em> and <em>\u03b7<\/em> parameters of the V(CKM) matrix and perspectives<\/a>, P. Paganini, F. Parodi, P. Roudeau, A. Stocchi (Orsay, LAL). Nov 1997. 33 pp.; <strong>Phys.Scripta 58 (1998) 556-569<\/strong><\/li>\n<li><a class=\"titlelink\" href=\"https:\/\/inspirehep.net\/search?ln=en&amp;p=a+stocchi+and+j+Phys.Lett.+B459%3A367-381.++&amp;of=hb&amp;action_search=Search&amp;sf=earliestdate&amp;so=d\" target=\"_blank\" rel=\"noopener\">A Search for invisible Higgs bosons produced in e+ e- interactions at LEP-2 energies <\/a>DELPHI Collaboration (P. Abreu et al.). Apr 1999 19pp. <strong>Phys.Lett. B459 (1999) 367-381.<\/strong><\/li>\n<li><a href=\"https:\/\/inspirehep.net\/search?ln=fr&amp;ln=fr&amp;p=find+a+stocchi+and+j+Eur.Phys.J.+C16+and+t+lifetime&amp;of=hb&amp;action_search=Recherche&amp;sf=&amp;so=d&amp;rm=&amp;rg=25&amp;sc=0\">Measurement of the B0s lifetime and study of B0s\u2212B\u00af0s oscillations using Ds\u2113 events<\/a> DELPHI Collaboration (P. Abreu<em> et al.<\/em>). Feb 2000. 47 pp.\u00a0; <strong>Eur.Phys.J. C16 (2000) 55<\/strong><\/li>\n<li><a class=\"titlelink\" href=\"https:\/\/inspirehep.net\/search?ln=en&amp;ln=en&amp;p=a+stocchi+and+j+Eur.Phys.J.+C23+409-435+&amp;of=hb&amp;action_search=Search&amp;sf=earliestdate&amp;so=d&amp;rm=&amp;rg=25&amp;sc=0\" target=\"_blank\" rel=\"noopener\">Searches for neutral Higgs bosons in e+ e- collisions from s**(1\/2) = 191.6-GeV to 201.7-GeV\u00a0 <\/a>DELPHI Collaboration (J. Abdallah<em> et al.<\/em>). Nov 2001. 49 pp.\u00a0; <strong>Eur.Phys.J. C23 (2002) 409-435<\/strong><\/li>\n<li><a href=\"https:\/\/inspirehep.net\/search?ln=en&amp;ln=en&amp;p=a+stocchi+and+j+JHEP+0107%282001%29+013++&amp;of=hb&amp;action_search=Search&amp;sf=earliestdate&amp;so=d&amp;rm=&amp;rg=25&amp;sc=0\" target=\"_blank\" rel=\"noopener\">2000 CKM triangle analysis: A Critical review with updated experimental inputs and theoretical parameters<\/a>,\u00a0 M. Ciuchini, G. D&rsquo;Agostini, E. Franco, G. Martinelli, F. Parodi, P. Roudeau, A. Stocchi Dic 2000, 44 pp.; <strong>JHEP 0107 (2001) 013<\/strong><\/li>\n<li><a href=\"https:\/\/inspirehep.net\/search?ln=fr&amp;ln=fr&amp;p=find+a+stocchi+AND+collection%3Aciteable+AND+cited%3A250-%3E499+and+a+buras&amp;of=hb&amp;action_search=Recherche&amp;sf=&amp;so=d&amp;rm=&amp;rg=25&amp;sc=0\" target=\"_blank\" rel=\"noopener\">The CKM matrix and the unitarity triangle. Workshop, CERN, Geneva, Switzerland, 13-16 Feb 2002: Proceedings,<\/a> M. Battaglia, A.J. Buras, P. Gambino, A. Stocchi <em> et al.<\/em>. Jun 2003. 288 pp<strong>. CERN-2003-002, FERMILAB-CONF-02-422<\/strong><\/li>\n<li><a href=\"https:\/\/inspirehep.net\/search?ln=fr&amp;ln=fr&amp;p=find+a+stocchi+AND+collection%3Aciteable+AND+cited%3A250-%3E499+and+j+JHEP+0507&amp;of=hb&amp;action_search=Recherche&amp;sf=&amp;so=d&amp;rm=&amp;rg=25&amp;sc=0\" target=\"_blank\" rel=\"noopener\">The 2004 UTfit collaboration report on the status of the unitarity triangle in the standard model, <\/a>UTfit Collaboration (M. Bona<em> et al.<\/em>). Jan 2005. 32 pp. ; <strong>JHEP 0507 (2005) 028<\/strong><\/li>\n<li><a href=\"https:\/\/inspirehep.net\/search?ln=fr&amp;ln=fr&amp;p=find+a+stocchi+AND+collection%3Aciteable+AND+cited%3A250-%3E499+and+a+barberio+and+t+Averages&amp;of=hb&amp;action_search=Recherche&amp;sf=&amp;so=d&amp;rm=&amp;rg=25&amp;sc=0\" target=\"_blank\" rel=\"noopener\">Averages of <em>b<\/em>\u2212hadron properties at the end of 2005<\/a>; Heavy Flavor Averaging Group (HFAG) Collaboration (E. Barberio<em> et al.<\/em>). Mar 2006. 130 pp. <strong>FERMILAB-FN-0814-E, SLAC-R-846<\/strong><\/li>\n<li><a href=\"https:\/\/inspirehep.net\/search?ln=en&amp;ln=en&amp;p=a+stocchi+and+j+JHEP+0610+%282006%29+081&amp;of=hb&amp;action_search=Search&amp;sf=earliestdate&amp;so=d&amp;rm=&amp;rg=25&amp;sc=0\" target=\"_blank\" rel=\"noopener\">The Unitarity Triangle Fit in the Standard Model and Hadronic Parameters from Lattice QCD: A Reappraisal after the Measurements of Delta m(s) and BR(B &#8212;&gt; tau nu(tau))<\/a>, UTfit Collaboration (M. Bona <em> et al.<\/em>). Jun 2006. 16 pp. <strong>JHEP 0610 (2006) 081<\/strong><\/li>\n<li><a href=\"https:\/\/inspirehep.net\/search?ln=en&amp;ln=en&amp;p=a+stocchi+and+t+A+High-Luminosity+Asymmetric+&amp;of=hb&amp;action_search=Search&amp;sf=earliestdate&amp;so=d&amp;rm=&amp;rg=25&amp;sc=0\" target=\"_blank\" rel=\"noopener\">SuperB: A High-Luminosity Asymmetric e+ e- Super Flavor Factory. Conceptual Design Report,<\/a> SuperB Collaboration (M. Bona<em> et al.<\/em>). May 18, 2007. 480 pp; <strong>SLAC-R-856, INFN-AE-07-02, LAL-07-15, INFN-AE&#8212;07-2<\/strong><\/li>\n<li><a href=\"https:\/\/inspirehep.net\/search?ln=en&amp;ln=en&amp;p=a+stocchi+and+j+JHEP+0803%3A049%2C2008&amp;of=hb&amp;action_search=Search&amp;sf=earliestdate&amp;so=d&amp;rm=&amp;rg=25&amp;sc=0\" target=\"_blank\" rel=\"noopener\">Model-independent constraints on \u0394<em>F<\/em>=2 operators and the scale of new physics<\/a>, UTfit Collaboration (M. Bona<em> et al.<\/em>). Jul 2007. 32 pp.; <strong>JHEP 0803 (2008) 049<\/strong><\/li>\n<li><a href=\"https:\/\/inspirehep.net\/search?ln=en&amp;ln=en&amp;p=a+stocchi+and+j+Phys.+Rev.+D+77%2C+071102%28R%29&amp;of=hb&amp;action_search=Search&amp;sf=earliestdate&amp;so=d&amp;rm=&amp;rg=25&amp;sc=0\" target=\"_blank\" rel=\"noopener\">Time-dependent Dalitz plot analysis of <em>B<\/em>0\u2192<em>D<\/em>\u2213<em>K<\/em>0 Pi+- decays<\/a>, BaBar Collaboration (B. Aubert<em> et al.<\/em>). Dec 2007. 8 pp. <strong>Phys.Rev. D77 (2008) 071102<\/strong><\/li>\n<li><a href=\"https:\/\/inspirehep.net\/search?ln=en&amp;ln=en&amp;p=a+stocchi+and+j+PMC+Phys.A3%3A6%2C2009.&amp;of=hb&amp;action_search=Search&amp;sf=earliestdate&amp;so=d&amp;rm=&amp;rg=25&amp;sc=0\" target=\"_blank\" rel=\"noopener\">First Evidence of New Physics in <em>b<\/em>\u27f7<em>s<\/em> Transitions,<\/a> UTfit Collaboration (M. Bona (CERN)<em> et al.<\/em>). Mar 2008. 5 pp. ; <strong>PMC Phys. A3 (2009) 6<\/strong><\/li>\n<li><a href=\"https:\/\/inspirehep.net\/search?ln=en&amp;ln=en&amp;p=a+stocchi+and+j+Phys.Rev.+D80%3A031102&amp;of=hb&amp;action_search=Search&amp;sf=earliestdate&amp;so=d&amp;rm=&amp;rg=25&amp;sc=0\" target=\"_blank\" rel=\"noopener\">Search for b &#8212;&gt; u transitions in B0 &#8212;&gt; D0 K*0 decays,\u00a0<\/a> BaBar Collaboration (B. Aubert<em> et al.<\/em>). Apr 2009. 11 pp.; <strong>Phys.Rev. D80 (2009) 031102<\/strong><\/li>\n<li><a href=\"https:\/\/inspirehep.net\/search?ln=en&amp;ln=en&amp;p=a+stocchi+and+j+Phys.+Rev.+D+79%2C+072003&amp;of=hb&amp;action_search=Search&amp;sf=earliestdate&amp;so=d&amp;rm=&amp;rg=25&amp;sc=0\" target=\"_blank\" rel=\"noopener\">Constraints on the CKM angle gamma in B0 &#8212;&gt; anti-D0 (D0) K*0 with a Dalitz analysis of D0 &#8212;&gt; K(S) pi+ pi- , <\/a>BaBar Collaboration (B. Aubert<em> et al.<\/em>). Apr 2009. 11 pp May 2008. 8 pp. <strong>Phys.Rev. D79 (2009) 072003.<\/strong><\/li>\n<li><a href=\"https:\/\/inspirehep.net\/search?ln=en&amp;ln=en&amp;p=a+stocchi+and+j+Phys.Rev.Lett.104%3A174801%2C2010&amp;of=hb&amp;action_search=Search&amp;sf=earliestdate&amp;so=d&amp;rm=&amp;rg=25&amp;sc=0\" target=\"_blank\" rel=\"noopener\">Test of crab-waist collisions at DAFNE Phi factory<\/a>, M. Zobov<em> et al.<\/em>. Apr 2010. 5 pp.\u00a0; <strong>Phys.Rev.Lett. 104 (2010) 174801<\/strong><\/li>\n<li><a href=\"https:\/\/inspirehep.net\/search?ln=en&amp;ln=en&amp;p=a+stocchi+and+j+Phys.Rev.D84%3A012002%2C2011.++&amp;of=hb&amp;action_search=Search&amp;sf=earliestdate&amp;so=d&amp;rm=&amp;rg=25&amp;sc=0\" target=\"_blank\" rel=\"noopener\">Search for <em>b<\/em>\u2192<em>u<\/em> Transitions in <em>B<\/em>\u00b1\u2192[<em>K<\/em>\u2213<em>pi<\/em>\u00b1<em>\u03c0<\/em>0]<em>D<\/em><em>K<\/em>\u00b1 Decays<\/a>, BaBar Collaboration (B. Aubert<em> et al.<\/em>). Apr 2011. 9 pp. <strong>Phys.Rev. D84 (2011) 012002<\/strong><\/li>\n<li><a href=\"https:\/\/inspirehep.net\/search?ln=en&amp;ln=en&amp;p=a+stocchi+and+j+Ann.Rev.Nucl.Part.Sci.61%3A491-517%2C2011&amp;of=hb&amp;action_search=Search&amp;sf=earliestdate&amp;so=d&amp;rm=&amp;rg=25&amp;sc=0\" target=\"_blank\" rel=\"noopener\">Physics Opportunities at the Next Generation of Precision Flavor Physics<\/a>, M Ciuchini, A. Stocchi, 2011. 27 pp.; <strong>Ann. Rev. Nucl. Part. Sci. 61 (2011) 491-517<\/strong><\/li>\n<li>\u00ab\u00a0Flavour Physics and CP Violation\u00a0\u00bb, J.-M. Fr\u00e8re et A. Stocchi (editors); <strong><a href=\"http:\/\/www.em-consulte.com\/en\/revue\/comren\/13\/2\" target=\"_blank\" rel=\"noopener\">Comptes Rendus de l\u2019Acad\u00e9mie des Sciences, Tome 13 Fascicule 2 Mars 2012, ELSEVIER<\/a><\/strong><\/li>\n<li><a href=\"https:\/\/inspirehep.net\/search?ln=en&amp;ln=en&amp;p=a+stocchi+and+j+Nucl.+Instrum.+Meth.+A718+%282013%29+557-559&amp;of=hb&amp;action_search=Search&amp;sf=earliestdate&amp;so=d&amp;rm=&amp;rg=25&amp;sc=0\" target=\"_blank\" rel=\"noopener\">A particle identification detector for the forward region of the SuperB experiment<\/a>, N. Arnaud<em> et al.<\/em>. 2013. 3 pp. <strong>Nucl. Instrum. Meth. A718 (2013) 557-559<\/strong><\/li>\n<li><a href=\"https:\/\/inspirehep.net\/literature\/1459324\"><span class=\"__Latex__\" style=\"font-size: 12pt\">Observation of channeling for 6500 GeV\/ c protons in the crystal assisted collimation setup for LHC<\/span><\/a>, W. Scandale et al. (UA9 Coll.)\n<div class=\"__InlineList__\">\u00a0<strong>Nucl.Instrum.Meth.A 787 (2015) 173-175.<\/strong><\/div>\n<\/li>\n<li>\n<p><a href=\"https:\/\/inspirehep.net\/literature\/1372658\">Test of full size Cherenkov detector for proton Flux Measurements<\/a> , L. Burmistrov et al. 2015. <strong>3 pp. Nucl. Instrum. Meth. A787 (2015) 173-175<\/strong><\/p>\n<\/li>\n<li><a class=\"result-item-title\" href=\"https:\/\/inspirehep.net\/literature\/1601165\" data-test-id=\"literature-result-title-link\"><span class=\"__Latex__\">PERLE. Powerful energy recovery linac for experiments. Conceptual design report<\/span><\/a>, D. Angal-Kalinin (PERLE Coll.) <strong>J.Phys.G 45 (2018) 6, 065003.<\/strong>\n<div class=\"__InlineList__\">\u00a0<\/div>\n<\/li>\n<li>\n<p><a href=\"https:\/\/inspirehep.net\/literature\/1598553\">The CpFM, an in-vacuum Cherenkov beam monitor for UA9 at SPS<\/a> , V. Puill et al. <strong>2017. 32 pp. JINST 12 (2017) no.04, P0402<\/strong><\/p>\n<\/li>\n<li>\n<p><span class=\"__Latex__\"><a href=\"https:\/\/inspirehep.net\/literature\/1598632\">Feasibility of measuring the magnetic dipole moments of the charm baryons at the LHC using bent crystals<\/a>, A. Fomin et al. <\/span><strong>JHEP 08 (2017) 120<\/strong><span id=\"page129R_mcid18\" class=\"markedContent\"><\/span><\/p>\n<\/li>\n<li>\n<p><span id=\"page129R_mcid18\" class=\"markedContent\"><a href=\"https:\/\/inspirehep.net\/literature\/1698895\"><span dir=\"ltr\" role=\"presentation\">Faisability of the tau<\/span><span dir=\"ltr\" role=\"presentation\">&#8211;<\/span><span dir=\"ltr\" role=\"presentation\">lepton electromagnetic dipole moments measurement using <\/span><\/a><span dir=\"ltr\" role=\"presentation\">bent crystal at the LHC, <\/span><\/span><span id=\"page129R_mcid19\" class=\"markedContent\"><span dir=\"ltr\" role=\"presentation\">A.S. Fomin, A. Yu Korchin, A. Stocchi, S. Barsuk, P. Robbe.<\/span> <strong><span dir=\"ltr\" role=\"presentation\">JHEP 1903 (2019) 156.<\/span><\/strong><\/span> <span id=\"page129R_mcid19\" class=\"markedContent\"><\/span><span id=\"page129R_mcid19\" class=\"markedContent\"><\/span><\/p>\n<\/li>\n<li><span id=\"page129R_mcid20\" class=\"markedContent\"><span dir=\"ltr\" role=\"presentation\"><a href=\"https:\/\/inspirehep.net\/literature\/1753396\">The prospect of charm quark magnetic moment determination<\/a>, <\/span><\/span><span id=\"page129R_mcid21\" class=\"markedContent\"><\/span><span id=\"page129R_mcid22\" class=\"markedContent\"><span dir=\"ltr\" role=\"presentation\">A. Fomin at al.<\/span> <strong><span dir=\"ltr\" role=\"presentation\">Eur.Phys.J.C<\/span> <span dir=\"ltr\" role=\"presentation\">80 (2020) 5, 358<\/span><\/strong><\/span><\/li>\n<li><a href=\"https:\/\/inspirehep.net\/literature\/1799745\"><span class=\"__Latex__\">The UA9 setup for the double-crystal experiment in CERN-SPS<\/span><\/a>, W. Scandale et al. (UA9 Coll.) <strong>Nucl.Instrum.Meth.A 975 (2020) 164175<\/strong><\/li>\n<li><span id=\"page117R_mcid17\" class=\"markedContent\"><a href=\"https:\/\/inspirehep.net\/literature\/1788997\"> <span dir=\"ltr\" role=\"presentation\">Observation of strong reduction of multiple scattering for channeled particles in bent<\/span><\/a><br role=\"presentation\" \/><span dir=\"ltr\" role=\"presentation\">crystals, <span id=\"page117R_mcid19\" class=\"markedContent\">W. Scandale et al. (UA9 Coll.) <strong>Phys.Lett.B 804 (2020) 135396<\/strong><\/span><br \/><\/span><\/span><\/li>\n<li><span id=\"page117R_mcid9\" class=\"markedContent\"><a href=\"https:\/\/inspirehep.net\/literature\/1854265\"><span dir=\"ltr\" role=\"presentation\">Double<\/span><span dir=\"ltr\" role=\"presentation\">&#8211;<\/span><\/a><span dir=\"ltr\" role=\"presentation\">crystal measurements at the CERN SPS, <span id=\"page117R_mcid11\" class=\"markedContent\">W. Scandale et al (UA9 Coll.) et al.<\/span><strong><span id=\"page117R_mcid12\" class=\"markedContent\"> Nucl.Instrum.Meth.A 1015 (2021), 165747<\/span><\/strong><br \/><\/span><\/span><\/li>\n<li><a class=\"result-item-title\" href=\"https:\/\/inspirehep.net\/literature\/2014192\" data-test-id=\"literature-result-title-link\"><span class=\"__Latex__\">European Strategy for Particle Physics &#8211; Accelerator R&amp;D Roadmap, <\/span><\/a><strong><span class=\"\">e-Print: <\/span>\u00a0<a href=\"https:\/\/arxiv.org\/abs\/2201.07895\" target=\"_blank\" rel=\"noopener\">2201.07895<\/a> [physics.acc-ph]<\/strong>\n<div class=\"mt1\">\n<div class=\"__InlineList__\">\u00a0<\/div>\n<\/div>\n<\/li>\n<\/ul>\n","protected":false},"excerpt":{"rendered":"<p>Je suis auteur d\u2019environ 1000 publications scientifiques (collaborations DELPHI, BaBar, SuperB, UA9,PERLE) et \u00e9galement de papiers de recherche ou de revue sur les d\u00e9tecteurs et la ph\u00e9nom\u00e9nologie (publications matrice CKM, Collaboration UTfit,&#8230;) Toutes les publications\u00a0 (Publications Achille Stocchi). Publication dans les collaborations (DELPHI, BaBar, SuperB) Publications d\u00e9tecteur r\u00e9cents \/ Cherenkov Publications sur exp\u00e9rience crab-waist DAFNE &hellip; <\/p>\n<p><a class=\"more-link btn\" href=\"https:\/\/users.ijclab.in2p3.fr\/achille-stocchi\/publications\/\">Lire la suite<\/a><\/p>\n","protected":false},"author":11,"featured_media":0,"parent":0,"menu_order":0,"comment_status":"closed","ping_status":"closed","template":"","meta":{"_acf_changed":false,"footnotes":""},"class_list":["post-310","page","type-page","status-publish","hentry","nodate","item-wrap"],"acf":[],"_links":{"self":[{"href":"https:\/\/users.ijclab.in2p3.fr\/achille-stocchi\/wp-json\/wp\/v2\/pages\/310","targetHints":{"allow":["GET"]}}],"collection":[{"href":"https:\/\/users.ijclab.in2p3.fr\/achille-stocchi\/wp-json\/wp\/v2\/pages"}],"about":[{"href":"https:\/\/users.ijclab.in2p3.fr\/achille-stocchi\/wp-json\/wp\/v2\/types\/page"}],"author":[{"embeddable":true,"href":"https:\/\/users.ijclab.in2p3.fr\/achille-stocchi\/wp-json\/wp\/v2\/users\/11"}],"replies":[{"embeddable":true,"href":"https:\/\/users.ijclab.in2p3.fr\/achille-stocchi\/wp-json\/wp\/v2\/comments?post=310"}],"version-history":[{"count":19,"href":"https:\/\/users.ijclab.in2p3.fr\/achille-stocchi\/wp-json\/wp\/v2\/pages\/310\/revisions"}],"predecessor-version":[{"id":371,"href":"https:\/\/users.ijclab.in2p3.fr\/achille-stocchi\/wp-json\/wp\/v2\/pages\/310\/revisions\/371"}],"wp:attachment":[{"href":"https:\/\/users.ijclab.in2p3.fr\/achille-stocchi\/wp-json\/wp\/v2\/media?parent=310"}],"curies":[{"name":"wp","href":"https:\/\/api.w.org\/{rel}","templated":true}]}}